*2 + 7*k - 6. Suppose -2*g = g - 12. Calculate w(g).
6
Let w(u) = -5*u**2 + 6. Let t(o) = o**2 - o. Let n(x) = 4*t(x) + w(x). Determine n(-6).
-6
Let d(l) = l**2 - 3*l + 1. Suppose -4*a + 8*a + 5 = r, -5*r - 4*a + 1 = 0. Calculate d(r).
-1
Let z(r) = -r**3 - 5*r**2 + r + 5. Let a be z(-5). Let s(f) be the second derivative of -3*f - 1/6*f**3 + f**2 + a. Calculate s(5).
-3
Let p(s) be the third derivative of -s**5/60 - s**4/6 - s**3/2 + 29*s**2. Calculate p(-4).
-3
Let i = -48 - -53. Let s(b) be the third derivative of b**2 + 0 + 0*b - 1/120*b**6 + 0*b**i - 1/24*b**4 - 1/2*b**3. Give s(0).
-3
Let n(w) = 5*w + 6. Suppose 0 = 4*z + 2*g + 6, 15 = 2*z - 3*g + 38. Calculate n(z).
-14
Let g = 39 - 23. Let c = 30 - g. Suppose -5*f - 1 = c. Let a(w) = w**3 + 3*w**2 + w + 1. Calculate a(f).
-2
Let o(v) = -12*v + 21. Let n(x) = -5*x + 10. Let u(q) = -5*n(q) + 2*o(q). Let p(j) = j. Let a be p(0). Determine u(a).
-8
Let f(n) = n**3 - n**2 - n - 1. Let j be f(2). Let d(w) = -8*w**3 - w**2 + 1. Determine d(j).
-8
Let h(t) = t**2 - 3. Let n be h(-3). Let r(u) = u**2 - 7*u - 8. What is r(n)?
-14
Let p(n) = 3*n**3 + 31*n**2 - 8*n - 34. Let h(k) = k**3 + 15*k**2 - 3*k - 17. Let i(o) = -5*h(o) + 2*p(o). What is i(13)?
4
Let h(b) = -2*b**2 + 4*b - 3. Suppose 0*y + 2 = -5*c - y, -c - y = -2. Let p(l) = -l**2 - 1. Let j(z) = c*h(z) + 3*p(z). Give j(-5).
-5
Let k(c) = 2*c + 4. Suppose 21 = -3*i - 3*u - 6, -4*i = -3*u + 15. What is k(i)?
-8
Let i(g) be the second derivative of -g**4/2 - g**3/3 + g**2/2 - 2*g. What is i(1)?
-7
Let z(n) = n**2 + n + 1. Let o(t) = 7*t**2 + 10*t + 6. Suppose -11 = -4*w - 5*h, 4*h - 23 = 3*w - 8. Let q(r) = w*o(r) + 6*z(r). Determine q(-5).
-5
Suppose 0 = 3*i - d - 9, -d + 0 = 2*i - 1. Let r(s) = 0 - 1 - i + 0*s - s. Calculate r(-4).
1
Let z(t) = 4*t**3 + 7*t**2 + 6*t - 1. Let h(w) = w**3 - w**2 - w. Let a = -1 + 7. Let x(q) = a*h(q) + z(q). What is x(1)?
10
Let x(a) = -a**3 + 7*a**2 - a + 7. Let j(n) = -3*n**3 + 14*n**2 - 3*n + 13. Let w(k) = 2*j(k) - 5*x(k). What is w(-7)?
-2
Let m(x) = x**2 + x. Suppose -5*l = 3*k + 16, 1 = -2*k - 3*l - 8. Suppose -k*q + q = 5*w + 8, -3*w - 9 = -3*q. What is m(w)?
2
Let r(l) = -2*l**2 - 2*l**2 - 3*l**2 + 5*l**2 + l + 4*l**3. Let q = 2 + 0. Suppose -q*p = -6*p + 4. What is r(p)?
3
Suppose 4*k - q - 13 = 0, 5*k + 0*q = -3*q + 12. Suppose -12 = k*m + m. Let c(v) = v**3 + 4*v**2 + 3*v + 4. Give c(m).
4
Let h(i) = -2*i + 9*i + 3 + 0 - 6*i. Calculate h(-5).
-2
Let j(c) = c**3 - 6*c**2 + c - 8. Let u = 46 - 40. Calculate j(u).
-2
Let l(g) be the second derivative of g**5/20 - g**4/3 - g**3/2 + 5*g**2/2 + 2*g. Let p = -17 - -21. Determine l(p).
-7
Let h(x) = 3*x**2 - 4*x. Let c(i) = i**2 - 1. Let r(d) = -2*c(d) + h(d). Let a(s) = s**2 - 6*s + 12. Let u be a(4). Calculate r(u).
2
Suppose -8*s + 12*s - 40 = 0. Suppose 2*b - 4*f = -s, b - 5*f - 12 = 2*b. Let r(v) = v + 1. Calculate r(b).
-6
Let p(u) be the first derivative of -1 - 1/2*u**2 - 8*u. Give p(0).
-8
Let o(w) = 5 - w**3 - 2 + 3*w**2 + 1 + w + 0*w**3. Let v = -5 + 8. Calculate o(v).
7
Let d(n) be the first derivative of n**3/3 - 3*n**2/2 - 3*n - 6. What is d(3)?
-3
Suppose d + d = 12. Let w(y) = -4 + d - 2 + y + 8. Calculate w(-4).
4
Let n(i) be the second derivative of -i**5/20 - i**4/2 - i**3/2 - 5*i**2/2 + 14*i. Give n(-6).
13
Let l(c) be the second derivative of -c**4/12 - 7*c**3/6 - 9*c**2/2 + 12*c. Calculate l(-6).
-3
Let k = -7 - -10. Let m(y) = 1 - 2 - y - 2 - y**k + 4*y**2. Determine m(4).
-7
Suppose 0 = -5*p + 14 + 11. Let o(u) = 3 - p*u**2 - 6 + 2 + u**3 + 4*u. Determine o(3).
-7
Let s(u) = 2 + 3*u - 2 - 2*u - 2. Give s(-5).
-7
Let g(p) = -p**3 + p**2 + 15. Let d be g(0). Suppose u = 6*u - d. Let m(h) = -h - 2. Give m(u).
-5
Let z = 29 + -26. Let l(a) = a**2 - 2*a - 2. Give l(z).
1
Let j be 9/4 - (-2)/(-8). Suppose 0 = -j*g + 3*g. Let a(x) = -x**2 - x + 8. Give a(g).
8
Suppose -3*j + 4 = -j. Let h = 5 + j. Let n(k) = 18 + 3*k**3 - 12 - 4*k**3 - 3*k**2 + h*k. Calculate n(-4).
-6
Let u(b) = 0*b**2 - 4*b**2 + 6*b + 3*b**2 + 1. What is u(5)?
6
Suppose 0 = f + 4*r + 14, -r = 3*f - 3*r. Let g = f - -1. Let b be g/(-3)*3*-3. Let x(l) = -2*l. Give x(b).
6
Suppose 3*j = c + 2*c + 3, -4*j + 13 = -c. Let k(l) = l - 6 + 4*l**2 + 1 - l**c + 1. Determine k(3).
8
Let g(r) be the third derivative of 7*r**5/60 - r**4/24 + r**3/6 - 37*r**2. Give g(1).
7
Let x(b) = -b**2 + 11*b - 5. Let r be x(10). Let c(s) = -r*s**3 + 3*s - 1 + 5*s**2 + 3*s**3 + 3*s**3. Calculate c(-3).
8
Let t(y) = 2*y - 3. Let f(g) = 2*g - 4. Let h(q) = 4*f(q) - 3*t(q). Suppose 2*l - 3 = 3. Suppose 2*n = l*n - 5. Give h(n).
3
Let g(b) = b**3 - 2*b**2 + 2*b + 2. Let t be g(2). Let l(n) = -3*n - t - 2 + n + 3. Give l(-4).
3
Let b(c) = c**2 + 2*c - 1. Let u(h) = h**3 + 8*h**2 + 10*h + 24. Let n be u(-7). Give b(n).
14
Let x(h) = h**2 - 7*h + 1. Let q be x(7). Let n(i) = i**2 + 4*i + q - i + 1 - 3. What is n(-3)?
-1
Suppose 3*c + 4*p = 9, -c = -p - 0*p + 4. Let v(d) = 2*d - 2*d + 6*d. Give v(c).
-6
Let g(c) be the first derivative of c**3/3 + 15*c**2/2 - 15*c + 7. Let h be g(-16). Let v(t) = -3*t**3 + t**2 - 1. What is v(h)?
-3
Let k(g) = g**2 + 3. Let s be 6/21 + (-52)/(-14). Give k(s).
19
Let p(w) be the second derivative of -1/12*w**4 - 2*w + 7/6*w**3 + 0 - 3/2*w**2. Determine p(3).
9
Let w(k) = -3*k**2 - 3. Suppose 9 = -5*o - 16, 4*o = -2*b - 10. Let d(h) = -4*h**2 + h - 3. Let u(v) = b*w(v) - 4*d(v). Calculate u(4).
-3
Let z(p) be the first derivative of -p**3/3 - 7*p + 36. Determine z(0).
-7
Suppose -3*m + m = 8. Let s(q) be the first derivative of -2*q**2 + 5*q + q**3 + 1/4*q**4 - 1. What is s(m)?
5
Suppose 3*n + 3*y = 0, 3*n + 3 = 2*n - 2*y. Let d be (0*n/9)/(-2). Let b(l) = -l**3 + l + 2. Give b(d).
2
Let g(a) = -3*a + 3. Let q(b) = -10*b + 9. Let k(d) = -d**2 - 7*d - 8. Let z be k(-6). Suppose 8*x - 17 - 39 = 0. Let o(h) = x*g(h) + z*q(h). Calculate o(0).
3
Let k(i) = i - 6*i + 4 + 4*i + i**2. What is k(0)?
4
Let j(z) = 11*z**2 - z - 3. Let b(g) = 5*g**2 - g - 1. Let l(v) = 13*b(v) - 6*j(v). Suppose -4*r + 15 = 43. Give l(r).
5
Let i(j) = -j**3 + 3. Suppose -4*n = -5*p + 19, 2*p + 2*n + 3*n - 1 = 0. Suppose 4*d + 2*c = 0, -4*d = c + p + 1. Let m be (2 + d)/(0 - -2). Calculate i(m).
3
Let f(n) = n**2 + 6*n + 3. Let y be f(-6). Let x = y - -1. Let m(z) = 2*z**2 - 10*z - 6. Let d(t) = t**2 - 5*t - 3. Let q(k) = -7*d(k) + 3*m(k). Determine q(x).
7
Let n(f) be the second derivative of -f**5/20 - f**4/6 + f**3/6 + f**2 - 5*f. What is n(-2)?
0
Let o(g) = g**3 + 10*g**2 - 2*g - 15. Let a be o(-10). Suppose -1 - a = 3*m. Let j(b) = 4*b**2 + b - 2. Determine j(m).
12
Let x = 17 - 32. Let w = x + 16. Let c(g) = 2*g**2 + g + 5*g**2 + g**2. What is c(w)?
9
Suppose k + 2*u = 15, -2*k - 14 - 1 = -5*u. Let i(g) = -g**2 + 3*g - 6. Let y(a) = -2*a**2 + 5*a - 13. Let l(h) = 7*i(h) - 3*y(h). Calculate l(k).
2
Let w(d) = d**2 - 4*d + 6. Let r = 137 - 132. Determine w(r).
11
Let q = 2 + -1. Suppose -v + 10 = 5*w, -2*w + 1 = v - 3. Let b(r) = -r**w - 2*r**2 + r**2 - r. What is b(q)?
-3
Let k = -1 - 0. Suppose 14 = 3*n - 2*o - 3, -2*n = -o - 10. Let w be (-2 - -3) + n + k. Let d(g) = -g**3 + 3*g**2 - 2*g + 3. Give d(w).
-3
Let k(a) be the first derivative of 2*a**3/3 + a**2/2 - a - 1. Calculate k(-2).
5
Suppose -2*u - 2 = -3*u. Let i be (30/(-25))/(u/(-5)). Let w(k) = -k**2 + 2*k + 1. What is w(i)?
-2
Suppose -5*s - 20 = 0, 3*x + 5*s = -2*x - 15. Let n(q) = -4*q**3 - q**2 + 2*q - 1. Let m be n(x). Let l(d) = d - 1. Determine l(m).
-5
Let r(n) = -n**3 + 10*n**2 - 9*n - 4. Let t be r(9). Let l(p) = -p - 4. Give l(t).
0
Let p(y) = y - 6. Let o be p(10). Let z(n) = 3 + 2*n - o + 3. Give z(-3).
-4
Let p be (-2)/((8/(-3))/4). Let v be (-1 - 3) + 4/(-2). Let q(m) = -m**2 + 8*m - 3. Let l(g) = -2*g**2 + 15*g - 5. Let o(a) = v*l(a) + 11*q(a). Give o(p).
0
Let y(k) be the first derivative of k**2/2 + 12*k - 23. What is y(-8)?
4
Let k(d) = -4*d**2 + d + 2. Let f(o) = -3*o**2 + o + 2. Let r(y) = -3*f(y) + 2*k(y). Let n(a) = a + 10. Let t be n(-8). Give r(t).
0
Let f be (-5 - (-42)/6)/((-2)/5). Let d(r) = 2*r + 4. Determine d(f).
-6
Let f(o) be the first derivative of -2 + 1/4*o**4 - 3*o + 5/3*o**3 + 2*o**2. What is f(-4)?
-3
Let k(g) = 2*g**2 + 1. Let c be 3/7 - (-34)/(-14). Calculate k(c).
9
Let j(m) = 5 + 3*m - 5*m 